at is the units digit of l(-2)?
5
Suppose b - 21 = 5*f, b - 3*f - 4 = 11. Let o be b/8 + 26/8. Suppose 3*y = 2*y + o. What is the units digit of y?
4
Suppose 13 - 39 = -2*w. What is the tens digit of w?
1
Suppose 525 + 440 = 5*p. What is the tens digit of p?
9
What is the tens digit of (-854)/(-12) - (-5)/(-30)?
7
Let a = -1 - -20. What is the units digit of a?
9
Let o(s) = -3*s**2 + s**2 - 7*s - 2*s + s**3 - 5*s**2 + 12. Let z be o(8). Suppose 3*l - 2 = -5*g - z, -2*l = -4*g - 6. What is the units digit of l?
1
Let i(b) = -b**3 - 21*b**2 + 17*b - 16. What is the tens digit of i(-22)?
9
Let f(y) = -y**3 + 4*y**2 + 6*y - 1. Let d be f(5). Let z = -9 + d. Let w = z - -13. What is the units digit of w?
8
Let s(c) = 7*c - 24. What is the tens digit of s(15)?
8
Let d = -62 + 91. What is the units digit of d?
9
Suppose -v - 2*v + 108 = 0. What is the tens digit of v?
3
Let d = 72 - -6. Suppose o + o - d = 0. What is the units digit of o?
9
Let i = 22 + 7. What is the tens digit of i?
2
Suppose -8*n + 132 = -4*n. What is the units digit of n?
3
Suppose -172 = -4*w + 4*d, -d + 1 + 50 = w. Suppose 5*k - w = 68. What is the units digit of k?
3
Let t = 1 - -1. Suppose -5*o = -2*m - 23, -t*m + 0*m - 5*o = -27. What is the units digit of 0 - (0 - m - 6)?
7
Let z(u) = 2*u**2 + 8*u + 4. What is the tens digit of z(-5)?
1
Let b = 3 + 9. What is the units digit of b?
2
Let x(r) be the first derivative of -1/4*r**4 - 2*r**3 - 6*r - 2*r**2 + 2. What is the units digit of x(-6)?
8
Let f = 4 + -7. Let z be ((-9)/f)/((-3)/(-3)). What is the units digit of (-4)/z*3/(-2)?
2
Let i(t) = -t + 3. Let k be i(4). Let o(v) = -4*v**3 - 3*v**3 + v - 3 + 4 + v**2. What is the units digit of o(k)?
8
Let j(l) = -2*l - 7. Let c be j(-5). Let v(g) = -2 + g + c*g**2 + 1 - 1. What is the units digit of v(-2)?
8
Let f be (-16)/4*(-2)/(-4). What is the units digit of f - (2 + -1 + -17)?
4
Suppose -x + 5 = 1. Suppose -x*a = -a - 5*p + 31, 0 = 2*a - 4*p + 24. Let i = a - -8. What is the units digit of i?
6
Let b(n) = n**3 + 15*n**2 + 2*n - 5. Let d be b(-14). Suppose d = 5*i + 63. What is the units digit of i?
0
Let b = 19 - -11. Suppose b = 2*q + 2*i - 8, 5*i = -2*q + 32. What is the tens digit of q?
2
Suppose -55 = -z + 3*p, 0*p + 236 = 5*z - 2*p. What is the units digit of z?
6
What is the units digit of ((-304)/6)/(10/(-15))?
6
Let o(s) = s**3 + 7*s**2. What is the units digit of o(-6)?
6
Let a(w) = 10*w**2 - 1. Let n(h) = 2*h - 1. Let f be n(1). What is the units digit of a(f)?
9
Let m(r) = -49*r + 12. What is the hundreds digit of m(-2)?
1
Suppose 3*y = 2*n + 21, -7*n - 17 = -y - 3*n. Let w(f) = 5*f - f**2 + 2*f**2 + 7 + f**2 - 3*f**2. What is the units digit of w(y)?
7
Let j(d) = -d**2 + 4*d + 5. Let h be j(5). Let f(q) = h - 5*q**2 - 1 + q**3 + 0*q**2 - 5*q. What is the units digit of f(6)?
5
Suppose 4*d - 388 = 2*d. What is the units digit of d?
4
Suppose 2*m - 2 = 3*d, 20 + 6 = 4*m + 5*d. Suppose m*u + 5*p = -0*p + 67, -p = -3. What is the tens digit of u?
1
Let t = -1 + 5. Suppose -6 = 3*a - t*a. Let f = -4 + a. What is the units digit of f?
2
Let j(w) = w**3 - 5*w**2 + 2. Suppose 0*p = p - 5. Let a be j(p). Suppose 0 = -a*g - n + 38, 0 = 2*g + 3*n - 32 - 10. What is the units digit of g?
8
Let z be 2/(-4) - (-34)/4. Let v(i) = i + i - 9 + 0*i. What is the units digit of v(z)?
7
Let p(m) = 28*m**3 - m**2. What is the units digit of p(1)?
7
Let g = -139 - -214. Let l be ((-2)/6)/((-5)/g). Suppose -l*o - 6 = -4*k, -3*o + 3*k - 3 = 3. What is the units digit of o?
2
Let h = 1 + 78. What is the units digit of h?
9
Let r(b) = b**2 + 12*b - 9. Let y be r(-13). Suppose -y*c - c + 120 = 0. What is the units digit of c?
4
Suppose -5*w = 5*y - y + 13, -4*y - 4*w - 8 = 0. Suppose 0 = 2*d - y*d - 2. What is the units digit of -1*1*(d + -6)?
8
Suppose 0*q - 5*q = -155. What is the units digit of q?
1
What is the units digit of 1372/5 + ((-21)/15 - -1)?
4
Let v be 0/1 - 6/2. Let y be 1/(v/(-9)*1). Suppose y*k - 8 = -k. What is the units digit of k?
2
Suppose 73 = 5*d + 23. Suppose -s + 17 = q + s, -2*q + 4*s = -d. What is the units digit of q?
1
Suppose -2*s + 14 = 3*f - 2, 5*f + 2*s = 28. What is the units digit of f?
6
Let z(g) = 2*g + 8. Let u(k) = k**2 + 7*k. Let j be u(-6). Let l be z(j). What is the units digit of (-2 + 3)/(l/(-8))?
2
Let s be ((-3)/(-12) - -1)*-8. Let g = s + 18. What is the units digit of g?
8
Let m(x) = x**3 - 8*x**2 - 7*x + 3. Let b = 5 - -4. Let y be m(b). Let a = -15 + y. What is the units digit of a?
6
Let z = 49 + -20. Suppose -3*j + 15 = 0, 15 = 4*u - 4*j - z. Suppose -2*n = 4 + 6, 3*r + 5*n = -u. What is the units digit of r?
3
Suppose -p + 3 = -2*j - 8, 5*p = -5. What is the units digit of -3 + 1 + 4 - j?
8
Let h(y) = 75*y**2 + 3*y - 3. What is the tens digit of h(1)?
7
What is the units digit of (-54)/12*(-4 - -2)?
9
Let s(q) = -3*q**3 + 6*q**2 + q + 1. Let c(g) = -9*g**3 + 17*g**2 + 2*g + 3. Let y(p) = -4*c(p) + 11*s(p). What is the tens digit of y(2)?
2
Let f = 6 + -1. Suppose f = -3*m + 20. Suppose -m*k + 47 = 7. What is the units digit of k?
8
Let d = 0 + -1. Let s(j) = j**2 - 5*j + 4. Let c be s(3). Let a = d - c. What is the units digit of a?
1
Let o(y) = -y**3 - 13*y**2 - 14*y - 6. What is the units digit of o(-12)?
8
What is the tens digit of (-513)/(-6) + (-28)/(-8) + -5?
8
Let y(h) = -7*h - 39. What is the hundreds digit of y(-30)?
1
Suppose s = -5*v + 1619, 2*s + 3*s = -5*v + 1615. What is the units digit of v?
4
Suppose -4*c + 120 = 2*l - 6*l, -4*c + 5*l + 123 = 0. Suppose 2 + c = 3*o + 4*x, -4*o + 5*x + 18 = 0. What is the units digit of o?
7
Suppose -2*j = m - 4*m - 8, -3*m = -5*j + 20. What is the units digit of j?
4
Let w = -3 + -1. Let c = -14 - w. What is the units digit of 14/4 - 5/c?
4
Suppose 5*b - 35 - 588 = -i, -3*b + 371 = 2*i. Suppose -q - 5*n + b = 4*q, -5*q = -3*n - 165. Let t = q + -18. What is the units digit of t?
2
Let h be 6/(-5)*(-10)/4. Suppose 2 = -h*a + 4*a. What is the units digit of a?
2
Let p(o) = -o**3 - 2*o**2 - 2*o - 1. Let b be p(-2). Suppose 2*s - 5 = -3*s. Suppose -m + s = -b. What is the units digit of m?
4
Suppose -2*v - 9 = -5*v. Let b = 3 + v. What is the units digit of ((-9)/b)/(2/(-4))?
3
Suppose 5*a - 14 = -4*o, 11 + 17 = 3*o - 5*a. Let d(x) = x - 1. What is the units digit of d(o)?
5
Suppose -2*z + 9 = -31. Suppose f - 6*f - 3*l + z = 0, -3*f - 2*l = -11. What is the units digit of f?
7
Let x(n) be the third derivative of -n**6/120 + n**5/10 - n**4/8 - 7*n**3/6 - 3*n**2. What is the units digit of x(5)?
3
Suppose 0*u = -4*i - 4*u + 4, -35 = -5*i + u. What is the units digit of (1/(-2) - -1)*i?
3
Let j be ((-126)/35)/(2/(-5)). Suppose 3 - j = 3*o + 5*t, -12 = -3*o + t. Suppose -q = -5, -o*k - 3*q + 7*q - 2 = 0. What is the units digit of k?
6
Let l(q) = 1 - 6*q - 32*q**2 + 20*q**2 + 14*q**2. Let k(h) = h**2 - 4*h - 8. Let b be k(6). What is the units digit of l(b)?
9
Suppose -5 = 2*d - 39. Suppose -d - 1 = -2*u. What is the units digit of u?
9
Let y be (-10)/(-4) + 6/(-4). Suppose -5*d + y - 6 = 0. Let a = 0 - d. What is the units digit of a?
1
Let x = 2 + -3. Let c = x + 10. What is the units digit of c?
9
Let v(r) = 5*r**2 - r + 1. What is the tens digit of v(2)?
1
What is the tens digit of (-13)/(13/(-30)) - -3?
3
What is the units digit of (-8)/6 - 80/(-15)?
4
Suppose -5*q = -4*d - 63, 1 = d - 2. What is the tens digit of q?
1
Let a be ((-10)/(-15))/(2/(-39)). Let q = -5 + 5. Let k = q - a. What is the units digit of k?
3
What is the units digit of (-14)/(-35) - 13/(-5)?
3
Suppose 11 = 4*m - 9. Suppose m*b + 3*a + a - 75 = 0, -a - 15 = -b. What is the tens digit of b?
1
Suppose 18*z - 15*z = 282. What is the units digit of z?
4
Let k = -9 - -55. What is the tens digit of k?
4
Let r(c) = c + 3 + c + c - 6. What is the tens digit of r(10)?
2
Suppose -11*f + 48 = -7*f. What is the units digit of f?
2
Suppose -3*f + d = -55, 0 = f + f - d - 38. What is the tens digit of f?
1
Suppose s = 5*s - 4. Let m = 3 + 1. Let b = m - s. What is the units digit of b?
3
Let n(z) = 4*z**2 + 3*z - 2. Let a(u) = -u**2 + u - 1. Suppose -d - 3 = -4*d. Let k(p) = d*n(p) - 3*a(p). What is the units digit of k(1)?
8
Let p(a) = 25*a - 7. What is the tens digit of p(2)?
4
Suppose -5*i + 0*i = 5*z + 25, -3*i = -5*z - 9. Sup